ed by 133?
132
Calculate the remainder when 505861 is divided by 252694.
473
What is the remainder when 14728 is divided by 12618?
2110
Calculate the remainder when 914867 is divided by 2896.
2627
Calculate the remainder when 971717 is divided by 64781.
2
Calculate the remainder when 55106 is divided by 7713.
1115
What is the remainder when 4278067 is divided by 36?
7
What is the remainder when 162941 is divided by 1630?
1571
What is the remainder when 134117 is divided by 133148?
969
Calculate the remainder when 60938 is divided by 860.
738
Calculate the remainder when 12790424 is divided by 11.
9
What is the remainder when 13964 is divided by 4651?
11
Calculate the remainder when 3996538 is divided by 108.
106
What is the remainder when 366440 is divided by 365998?
442
Calculate the remainder when 15187307 is divided by 1002.
995
What is the remainder when 89083091 is divided by 969?
14
Calculate the remainder when 37505287 is divided by 2289.
22
What is the remainder when 267663 is divided by 65929?
3947
Calculate the remainder when 9594473 is divided by 116.
113
Calculate the remainder when 25775548 is divided by 22.
18
Calculate the remainder when 2604942 is divided by 4719.
54
Calculate the remainder when 2752659 is divided by 344082.
3
Calculate the remainder when 2865109 is divided by 1432435.
239
Calculate the remainder when 106272 is divided by 4085.
62
What is the remainder when 324897 is divided by 54138?
69
What is the remainder when 282955 is divided by 904?
3
Calculate the remainder when 625384350 is divided by 266.
262
Calculate the remainder when 650572537 is divided by 3073.
3072
What is the remainder when 3051223 is divided by 94?
77
What is the remainder when 14516603 is divided by 21?
17
What is the remainder when 49982 is divided by 3987?
2138
What is the remainder when 8063300 is divided by 577?
302
What is the remainder when 89368 is divided by 89323?
45
What is the remainder when 275509 is divided by 5988?
61
What is the remainder when 30304538 is divided by 8142?
14
Calculate the remainder when 4739199 is divided by 677027.
10
Calculate the remainder when 59307445 is divided by 26.
15
What is the remainder when 30447224 is divided by 977?
973
Calculate the remainder when 2115617 is divided by 79.
76
Calculate the remainder when 2322299 is divided by 34661.
12
What is the remainder when 1199885 is divided by 2105?
35
What is the remainder when 1648781 is divided by 183197?
8
Calculate the remainder when 274991 is divided by 657.
365
What is the remainder when 431764 is divided by 2615?
289
What is the remainder when 415998 is divided by 415941?
57
Calculate the remainder when 8455153 is divided by 62.
27
Calculate the remainder when 67469713 is divided by 262.
259
Calculate the remainder when 2110143 is divided by 190.
3
What is the remainder when 332568 is divided by 41435?
1088
What is the remainder when 25900594 is divided by 17?
6
What is the remainder when 303957 is divided by 75962?
109
Calculate the remainder when 22236341 is divided by 21.
8
Calculate the remainder when 2694325 is divided by 1347112.
101
What is the remainder when 152277 is divided by 47?
44
What is the remainder when 8406530 is divided by 1684?
2
Calculate the remainder when 1261103 is divided by 2435.
2208
What is the remainder when 415390 is divided by 6249?
2956
Calculate the remainder when 698387 is divided by 2839.
2832
What is the remainder when 67468 is divided by 698?
460
Calculate the remainder when 3591282 is divided by 21125.
32
What is the remainder when 2522607 is divided by 2031?
105
Calculate the remainder when 2295777 is divided by 1383.
1380
What is the remainder when 565724 is divided by 187271?
3911
What is the remainder when 269923346 is divided by 61?
54
Calculate the remainder when 446451 is divided by 13951.
19
Calculate the remainder when 6397027 is divided by 30.
7
Calculate the remainder when 6403776 is divided by 171.
168
What is the remainder when 138623 is divided by 8602?
991
Calculate the remainder when 12188788 is divided by 8.
4
What is the remainder when 107703 is divided by 1381?
1366
What is the remainder when 4731917 is divided by 118?
117
What is the remainder when 550569 is divided by 50049?
30
What is the remainder when 62075 is divided by 3086?
355
Calculate the remainder when 5724 is divided by 201.
96
Calculate the remainder when 24503 is divided by 12149.
205
Calculate the remainder when 5164322 is divided by 80.
2
What is the remainder when 38184067 is divided by 1047?
1024
Calculate the remainder when 232225 is divided by 231694.
531
Calculate the remainder when 71768 is divided by 17698.
976
Calculate the remainder when 19334 is divided by 4829.
18
Calculate the remainder when 2531154 is divided by 3458.
3356
Calculate the remainder when 1610132 is divided by 699.
335
What is the remainder when 125454 is divided by 867?
606
Calculate the remainder when 4279881 is divided by 72539.
80
Calculate the remainder when 131247 is divided by 1442.
25
Calculate the remainder when 40029 is divided by 29282.
10747
What is the remainder when 31414 is divided by 5123?
676
What is the remainder when 92440 is divided by 23049?
244
Calculate the remainder when 7153887 is divided by 162588.
15
What is the remainder when 220325 is divided by 175?
0
What is the remainder when 41873 is divided by 58?
55
Calculate the remainder when 262284 is divided by 262153.
131
Calculate the remainder when 150019198 is divided by 360.
358
Calculate the remainder when 133518 is divided by 1.
0
Calculate the remainder when 12234693 is divided by 6117316.
61
Calculate the remainder when 6297285 is divided by 3148619.
47
What is the remainder when 1011706 is divided by 337231?
13
Calculate the remainder when 25854254 is divided by 23.
0
Calculate the remainder when 13337787 is divided by 8378.
11
What is the remainder when 25634306 is divided by 8?
2
What is the remainder when 3801084 is divided by 43194?
12
Calculate the remainder when 58307 is divided by 5.
2
Calculate the remainder when 4557432 is divided by 402.
360
Calculate the remainder when 313971 is divided by 55.
31
What is the remainder when 1645738 is divided by 548418?
484
Calculate the remainder when 651335 is divided by 92992.
391
What is the remainder when 1085675 is divided by 1981?
87
What is the remainder when 2130271 is divided by 1653?
1207
What is the remainder when 6309031 is divided by 1038?
67
What is the remainder when 1158686 is divided by 2793?
2384
What is the remainder when 36419 is divided by 544?
515
Calculate the remainder when 23190463 is divided by 97.
91
What is the remainder when 101118 is divided by 720?
318
What is the remainder when 443216 is divided by 2823?
5
What is the remainder when 21212441 is divided by 176770?
41
What is the remainder when 25013736 is divided by 510484?
20
Calculate the remainder when 34355 is divided by 11370.
245
Calculate the remainder when 1124564 is divided by 20081.
28
Calculate the remainder when 1565586 is divided by 117.
9
What is the remainder when 13756399 is divided by 25?
24
What is the remainder when 6896692 is divided by 65063?
14
Calculate the remainder when 147206487 is divided by 143.
142
Calculate the remainder when 5200084 is divided by 433340.
4
What is the remainder when 741696 is divided by 222?
216
What is the remainder when 139358 is divided by 138842?
516
Calculate the remainder when 839604 is divided by 823.
144
What is the remainder when 17235 is divided by 33?
9
Calculate the remainder when 3501245 is divided by 277.
242
Calculate the remainder when 5564645 is divided by 83.
76
Calculate the remainder when 945394 is divided by 6167.
1843
Calculate the remainder when 120177 is divided by 39648.
1233
What is the remainder when 20916 is divided by 16599?
4317
What is the remainder when 779813 is divided by 2109?
1592
What is the remainder when 13497 is divided by 6736?
25
What is the remainder when 735863 is divided by 1095?
23
What is the remainder when 3605141 is divided by 3056?
2117
Calculate the remainder when 12437 is divided by 828.
17
What is the remainder when 514405 is divided by 625?
30
What is the remainder when 53619279 is divided by 1892?
1891
Calculate the remainder when 17810